{"id":286,"date":"2026-02-20T09:23:29","date_gmt":"2026-02-20T08:23:29","guid":{"rendered":"https:\/\/ensemblepourbellegardepoussieu.fr\/?page_id=286"},"modified":"2026-02-20T09:23:29","modified_gmt":"2026-02-20T08:23:29","slug":"daniel-pruvost","status":"publish","type":"page","link":"https:\/\/ensemblepourbellegardepoussieu.fr\/index.php\/daniel-pruvost\/","title":{"rendered":"Daniel Pruvost"},"content":{"rendered":"\n<div class=\"wp-block-group is-nowrap is-layout-flex wp-container-core-group-is-layout-6c531013 wp-block-group-is-layout-flex\">\n<figure class=\"wp-block-image size-large\"><img loading=\"lazy\" decoding=\"async\" width=\"1024\" height=\"762\" src=\"http:\/\/ensemblepourbellegardepoussieu.fr\/wp-content\/uploads\/2026\/02\/Daniel.jpeg-1-1024x762.jpg\" alt=\"\" class=\"wp-image-227\" srcset=\"https:\/\/ensemblepourbellegardepoussieu.fr\/wp-content\/uploads\/2026\/02\/Daniel.jpeg-1-1024x762.jpg 1024w, https:\/\/ensemblepourbellegardepoussieu.fr\/wp-content\/uploads\/2026\/02\/Daniel.jpeg-1-300x223.jpg 300w, https:\/\/ensemblepourbellegardepoussieu.fr\/wp-content\/uploads\/2026\/02\/Daniel.jpeg-1-768x571.jpg 768w, https:\/\/ensemblepourbellegardepoussieu.fr\/wp-content\/uploads\/2026\/02\/Daniel.jpeg-1-1536x1143.jpg 1536w, https:\/\/ensemblepourbellegardepoussieu.fr\/wp-content\/uploads\/2026\/02\/Daniel.jpeg-1.jpg 1911w\" sizes=\"auto, (max-width: 1024px) 100vw, 1024px\" \/><\/figure>\n\n\n\n<h6 class=\"wp-block-heading\">69 ans &#8211; mari\u00e9 et papa de deux enfants<\/h6>\n<\/div>\n\n\n\n<p><strong>Je suis arriv\u00e9 \u00e0 Bellegarde\u2011Poussieu en 2019<\/strong>, soit il y a sept ans.<\/p>\n\n\n\n<p>Je suis <strong>retrait\u00e9<\/strong> depuis huit ans, apr\u00e8s une carri\u00e8re d\u2019agent de s\u00e9curit\u00e9 pour les artistes, un m\u00e9tier qui m\u2019a permis de travailler dans des <strong>environnements vari\u00e9s<\/strong> et d\u2019\u00eatre <strong>au contact du public<\/strong>.<\/p>\n\n\n\n<p>Avant de m\u2019installer dans le village, j\u2019ai \u00e9t\u00e9 <strong>b\u00e9n\u00e9vole aux Restos du C\u0153ur<\/strong> pendant plusieurs ann\u00e9es, une exp\u00e9rience qui m\u2019a beaucoup appris sur la <strong>solidarit\u00e9<\/strong>, l\u2019<strong>\u00e9coute<\/strong> et l\u2019<strong>aide aux personnes<\/strong>.<\/p>\n\n\n\n<p>Entre jardinage, bricolage et <strong>entraide<\/strong>, j\u2019aime rester <strong>actif<\/strong>, et je garde une passion intacte pour le monde du spectacle o\u00f9 j\u2019ai longtemps \u00e9volu\u00e9.<\/p>\n\n\n\n<p><strong>Attach\u00e9 \u00e0 la convivialit\u00e9<\/strong> et \u00e0 l\u2019<strong>esprit de service<\/strong>, je souhaite <strong>mettre mon temps<\/strong> et <strong>mon \u00e9nergie<\/strong> <strong>au profit de la commune<\/strong> et de <strong>ses habitants<\/strong>.<\/p>\n\n\n\n<figure class=\"wp-block-image aligncenter size-full is-resized\"><a href=\"https:\/\/ensemblepourbellegardepoussieu.fr\/index.php\/presentation-de-notre-equipe\/\"><img loading=\"lazy\" decoding=\"async\" width=\"500\" height=\"500\" src=\"http:\/\/ensemblepourbellegardepoussieu.fr\/wp-content\/uploads\/2026\/02\/notre-equipe-3.png\" alt=\"\" class=\"wp-image-39\" style=\"width:109px;height:auto\" srcset=\"https:\/\/ensemblepourbellegardepoussieu.fr\/wp-content\/uploads\/2026\/02\/notre-equipe-3.png 500w, https:\/\/ensemblepourbellegardepoussieu.fr\/wp-content\/uploads\/2026\/02\/notre-equipe-3-300x300.png 300w, https:\/\/ensemblepourbellegardepoussieu.fr\/wp-content\/uploads\/2026\/02\/notre-equipe-3-150x150.png 150w\" sizes=\"auto, (max-width: 500px) 100vw, 500px\" \/><\/a><\/figure>\n","protected":false},"excerpt":{"rendered":"<p>69 ans &#8211; mari\u00e9 et papa de deux enfants Je suis arriv\u00e9 \u00e0 Bellegarde\u2011Poussieu en 2019, soit il y a sept ans. Je suis retrait\u00e9 depuis huit ans, apr\u00e8s une carri\u00e8re d\u2019agent de s\u00e9curit\u00e9 pour les artistes, un m\u00e9tier qui m\u2019a permis de travailler dans des environnements vari\u00e9s et d\u2019\u00eatre au contact du public. Avant [&hellip;]<\/p>\n","protected":false},"author":1,"featured_media":0,"parent":0,"menu_order":0,"comment_status":"closed","ping_status":"closed","template":"","meta":{"footnotes":""},"class_list":["post-286","page","type-page","status-publish","hentry"],"_links":{"self":[{"href":"https:\/\/ensemblepourbellegardepoussieu.fr\/index.php\/wp-json\/wp\/v2\/pages\/286","targetHints":{"allow":["GET"]}}],"collection":[{"href":"https:\/\/ensemblepourbellegardepoussieu.fr\/index.php\/wp-json\/wp\/v2\/pages"}],"about":[{"href":"https:\/\/ensemblepourbellegardepoussieu.fr\/index.php\/wp-json\/wp\/v2\/types\/page"}],"author":[{"embeddable":true,"href":"https:\/\/ensemblepourbellegardepoussieu.fr\/index.php\/wp-json\/wp\/v2\/users\/1"}],"replies":[{"embeddable":true,"href":"https:\/\/ensemblepourbellegardepoussieu.fr\/index.php\/wp-json\/wp\/v2\/comments?post=286"}],"version-history":[{"count":1,"href":"https:\/\/ensemblepourbellegardepoussieu.fr\/index.php\/wp-json\/wp\/v2\/pages\/286\/revisions"}],"predecessor-version":[{"id":287,"href":"https:\/\/ensemblepourbellegardepoussieu.fr\/index.php\/wp-json\/wp\/v2\/pages\/286\/revisions\/287"}],"wp:attachment":[{"href":"https:\/\/ensemblepourbellegardepoussieu.fr\/index.php\/wp-json\/wp\/v2\/media?parent=286"}],"curies":[{"name":"wp","href":"https:\/\/api.w.org\/{rel}","templated":true}]}}