{"id":188,"date":"2026-02-19T07:26:14","date_gmt":"2026-02-19T06:26:14","guid":{"rendered":"https:\/\/ensemblepourbellegardepoussieu.fr\/?page_id=188"},"modified":"2026-02-20T08:39:56","modified_gmt":"2026-02-20T07:39:56","slug":"clement-genon-catalot","status":"publish","type":"page","link":"https:\/\/ensemblepourbellegardepoussieu.fr\/index.php\/clement-genon-catalot\/","title":{"rendered":"Cl\u00e9ment Genon-Catalot"},"content":{"rendered":"\n<div class=\"wp-block-group is-nowrap is-layout-flex wp-container-core-group-is-layout-6c531013 wp-block-group-is-layout-flex\">\n<figure class=\"wp-block-image size-large\"><img loading=\"lazy\" decoding=\"async\" width=\"1024\" height=\"674\" src=\"http:\/\/ensemblepourbellegardepoussieu.fr\/wp-content\/uploads\/2026\/02\/Celment-1024x674.jpg\" alt=\"\" class=\"wp-image-187\" srcset=\"https:\/\/ensemblepourbellegardepoussieu.fr\/wp-content\/uploads\/2026\/02\/Celment-1024x674.jpg 1024w, https:\/\/ensemblepourbellegardepoussieu.fr\/wp-content\/uploads\/2026\/02\/Celment-300x198.jpg 300w, https:\/\/ensemblepourbellegardepoussieu.fr\/wp-content\/uploads\/2026\/02\/Celment-768x506.jpg 768w, https:\/\/ensemblepourbellegardepoussieu.fr\/wp-content\/uploads\/2026\/02\/Celment-1536x1011.jpg 1536w, https:\/\/ensemblepourbellegardepoussieu.fr\/wp-content\/uploads\/2026\/02\/Celment-2048x1349.jpg 2048w\" sizes=\"auto, (max-width: 1024px) 100vw, 1024px\" \/><\/figure>\n\n\n\n<h6 class=\"wp-block-heading\">39 ans &#8211; Mari\u00e9 &#8211; Papa de trois enfants<\/h6>\n<\/div>\n\n\n\n<p><strong>Je suis arriv\u00e9 \u00e0 Bellegarde-Poussieu il y a douze ans.<\/strong><\/p>\n\n\n\n<p>Auto-entrepreneur et ing\u00e9nieur g\u00e9otechnique de formation, je travaille au quotidien sur des projets qui demandent <strong>rigueur<\/strong>, <strong>m\u00e9thode<\/strong> et <strong>sens logique<\/strong>. Ces comp\u00e9tences me servent autant dans ma vie professionnelle que personnelle.<\/p>\n\n\n\n<p>Impliqu\u00e9 dans la vie locale, j&rsquo;ai \u00e9t\u00e9 <strong>secr\u00e9taire de l\u2019association de la cantine scolaire<\/strong> de Bellegarde-Poussieu pendant sept ans. Ceci m&rsquo;a permis de <strong>collaborer<\/strong> avec les familles et les acteurs associatifs du village.<\/p>\n\n\n\n<p>Attach\u00e9 \u00e0 notre commune, je souhaite contribuer \u00e0 <strong>des actions fond\u00e9es sur l&rsquo;\u00e9coute<\/strong>, la <strong>proximit\u00e9<\/strong> et des <strong>d\u00e9marches concr\u00e8tes<\/strong> avec la volont\u00e9 de <strong>pr\u00e9server notre cadre de vie<\/strong>.<\/p>\n\n\n\n<p>Mon <strong>esprit d\u2019analyse<\/strong> et mon <strong>approche structur\u00e9e<\/strong> sont pour moi des atouts pour <strong>analyser, comprendre et accompagner les besoins du village<\/strong>.<\/p>\n\n\n\n<figure class=\"wp-block-image aligncenter size-full is-resized\"><a href=\"https:\/\/ensemblepourbellegardepoussieu.fr\/index.php\/presentation-de-notre-equipe\/\"><img loading=\"lazy\" decoding=\"async\" width=\"500\" height=\"500\" src=\"http:\/\/ensemblepourbellegardepoussieu.fr\/wp-content\/uploads\/2026\/02\/notre-equipe-3.png\" alt=\"\" class=\"wp-image-39\" style=\"width:109px;height:auto\" srcset=\"https:\/\/ensemblepourbellegardepoussieu.fr\/wp-content\/uploads\/2026\/02\/notre-equipe-3.png 500w, https:\/\/ensemblepourbellegardepoussieu.fr\/wp-content\/uploads\/2026\/02\/notre-equipe-3-300x300.png 300w, https:\/\/ensemblepourbellegardepoussieu.fr\/wp-content\/uploads\/2026\/02\/notre-equipe-3-150x150.png 150w\" sizes=\"auto, (max-width: 500px) 100vw, 500px\" \/><\/a><\/figure>\n","protected":false},"excerpt":{"rendered":"<p>39 ans &#8211; Mari\u00e9 &#8211; Papa de trois enfants Je suis arriv\u00e9 \u00e0 Bellegarde-Poussieu il y a douze ans. Auto-entrepreneur et ing\u00e9nieur g\u00e9otechnique de formation, je travaille au quotidien sur des projets qui demandent rigueur, m\u00e9thode et sens logique. Ces comp\u00e9tences me servent autant dans ma vie professionnelle que personnelle. Impliqu\u00e9 dans la vie locale, [&hellip;]<\/p>\n","protected":false},"author":1,"featured_media":0,"parent":0,"menu_order":0,"comment_status":"closed","ping_status":"closed","template":"","meta":{"footnotes":""},"class_list":["post-188","page","type-page","status-publish","hentry"],"_links":{"self":[{"href":"https:\/\/ensemblepourbellegardepoussieu.fr\/index.php\/wp-json\/wp\/v2\/pages\/188","targetHints":{"allow":["GET"]}}],"collection":[{"href":"https:\/\/ensemblepourbellegardepoussieu.fr\/index.php\/wp-json\/wp\/v2\/pages"}],"about":[{"href":"https:\/\/ensemblepourbellegardepoussieu.fr\/index.php\/wp-json\/wp\/v2\/types\/page"}],"author":[{"embeddable":true,"href":"https:\/\/ensemblepourbellegardepoussieu.fr\/index.php\/wp-json\/wp\/v2\/users\/1"}],"replies":[{"embeddable":true,"href":"https:\/\/ensemblepourbellegardepoussieu.fr\/index.php\/wp-json\/wp\/v2\/comments?post=188"}],"version-history":[{"count":2,"href":"https:\/\/ensemblepourbellegardepoussieu.fr\/index.php\/wp-json\/wp\/v2\/pages\/188\/revisions"}],"predecessor-version":[{"id":256,"href":"https:\/\/ensemblepourbellegardepoussieu.fr\/index.php\/wp-json\/wp\/v2\/pages\/188\/revisions\/256"}],"wp:attachment":[{"href":"https:\/\/ensemblepourbellegardepoussieu.fr\/index.php\/wp-json\/wp\/v2\/media?parent=188"}],"curies":[{"name":"wp","href":"https:\/\/api.w.org\/{rel}","templated":true}]}}