{"id":152,"date":"2026-02-18T09:18:41","date_gmt":"2026-02-18T08:18:41","guid":{"rendered":"https:\/\/ensemblepourbellegardepoussieu.fr\/?page_id=152"},"modified":"2026-02-20T08:41:33","modified_gmt":"2026-02-20T07:41:33","slug":"morgane-brange","status":"publish","type":"page","link":"https:\/\/ensemblepourbellegardepoussieu.fr\/index.php\/morgane-brange\/","title":{"rendered":"Morgane Brange"},"content":{"rendered":"\n<div class=\"wp-block-group is-nowrap is-layout-flex wp-container-core-group-is-layout-6c531013 wp-block-group-is-layout-flex\">\n<figure class=\"wp-block-image size-large\"><img loading=\"lazy\" decoding=\"async\" width=\"1024\" height=\"737\" src=\"http:\/\/ensemblepourbellegardepoussieu.fr\/wp-content\/uploads\/2026\/02\/Morgane-1024x737.jpg\" alt=\"\" class=\"wp-image-117\" srcset=\"https:\/\/ensemblepourbellegardepoussieu.fr\/wp-content\/uploads\/2026\/02\/Morgane-1024x737.jpg 1024w, https:\/\/ensemblepourbellegardepoussieu.fr\/wp-content\/uploads\/2026\/02\/Morgane-300x216.jpg 300w, https:\/\/ensemblepourbellegardepoussieu.fr\/wp-content\/uploads\/2026\/02\/Morgane-768x553.jpg 768w, https:\/\/ensemblepourbellegardepoussieu.fr\/wp-content\/uploads\/2026\/02\/Morgane-1536x1106.jpg 1536w, https:\/\/ensemblepourbellegardepoussieu.fr\/wp-content\/uploads\/2026\/02\/Morgane-2048x1474.jpg 2048w\" sizes=\"auto, (max-width: 1024px) 100vw, 1024px\" \/><\/figure>\n\n\n\n<h6 class=\"wp-block-heading\">37 ans &#8211; Pacs\u00e9e &#8211; Maman de 3 enfants<\/h6>\n<\/div>\n\n\n\n<p><strong>Install\u00e9e depuis 2020 \u00e0 Bellegarde-Poussieu<\/strong>, j&rsquo;ai tr\u00e8s vite trouv\u00e9 ma place au sein de notre village et j&rsquo;ai eu envie de <strong>m&rsquo;investir pleinement<\/strong> dans sa vie locale.<\/p>\n\n\n\n<p><strong>Assistante maternelle agr\u00e9\u00e9e<\/strong> depuis cinq ans, j&rsquo;accompagne chaque jour les familles et leurs enfants avec <strong>bienveillance<\/strong>. Ce m\u00e9tier passionnant, <strong>riche de rencontres,<\/strong> m&rsquo;a appris \u00e0 conjuguer <strong>rigueur<\/strong>, <strong>patience<\/strong> et <strong>adaptabilit\u00e9<\/strong>, toujours avec <strong>l&rsquo;humain au c\u0153ur de mes priorit\u00e9s<\/strong>.<\/p>\n\n\n\n<p>Engag\u00e9e \u00e9galement en tant que <strong>tr\u00e9sori\u00e8re du SOU des \u00e9coles<\/strong>, j&rsquo;aime mettre mes comp\u00e9tences en <strong>organisation<\/strong>, en <strong>gestion<\/strong> et en <strong>coordination<\/strong> au service de <strong>projets collectifs<\/strong> qui font vivre notre commune.<\/p>\n\n\n\n<p>Aujourd&rsquo;hui, j&rsquo;ai envie d&rsquo;aller encore plus loin et de mettre <strong>mon exp\u00e9rience<\/strong> , <strong>mon \u00e9nergie<\/strong> et <strong>mon enthousiasme au service de Bellegarde-Poussieu<\/strong>.<\/p>\n\n\n\n<p>Je suis convaincue que c&rsquo;est <strong>ensemble<\/strong>, avec nos id\u00e9es et nos forces r\u00e9unies, que nous construirons <strong>l&rsquo;avenir de notre village<\/strong>.<\/p>\n\n\n\n<figure class=\"wp-block-image aligncenter size-full is-resized\"><a href=\"https:\/\/ensemblepourbellegardepoussieu.fr\/index.php\/presentation-de-notre-equipe\/\"><img loading=\"lazy\" decoding=\"async\" width=\"500\" height=\"500\" src=\"http:\/\/ensemblepourbellegardepoussieu.fr\/wp-content\/uploads\/2026\/02\/notre-equipe-3.png\" alt=\"\" class=\"wp-image-39\" style=\"width:109px;height:auto\" srcset=\"https:\/\/ensemblepourbellegardepoussieu.fr\/wp-content\/uploads\/2026\/02\/notre-equipe-3.png 500w, https:\/\/ensemblepourbellegardepoussieu.fr\/wp-content\/uploads\/2026\/02\/notre-equipe-3-300x300.png 300w, https:\/\/ensemblepourbellegardepoussieu.fr\/wp-content\/uploads\/2026\/02\/notre-equipe-3-150x150.png 150w\" sizes=\"auto, (max-width: 500px) 100vw, 500px\" \/><\/a><\/figure>\n","protected":false},"excerpt":{"rendered":"<p>37 ans &#8211; Pacs\u00e9e &#8211; Maman de 3 enfants Install\u00e9e depuis 2020 \u00e0 Bellegarde-Poussieu, j&rsquo;ai tr\u00e8s vite trouv\u00e9 ma place au sein de notre village et j&rsquo;ai eu envie de m&rsquo;investir pleinement dans sa vie locale. Assistante maternelle agr\u00e9\u00e9e depuis cinq ans, j&rsquo;accompagne chaque jour les familles et leurs enfants avec bienveillance. Ce m\u00e9tier passionnant, [&hellip;]<\/p>\n","protected":false},"author":1,"featured_media":0,"parent":0,"menu_order":0,"comment_status":"closed","ping_status":"closed","template":"","meta":{"footnotes":""},"class_list":["post-152","page","type-page","status-publish","hentry"],"_links":{"self":[{"href":"https:\/\/ensemblepourbellegardepoussieu.fr\/index.php\/wp-json\/wp\/v2\/pages\/152","targetHints":{"allow":["GET"]}}],"collection":[{"href":"https:\/\/ensemblepourbellegardepoussieu.fr\/index.php\/wp-json\/wp\/v2\/pages"}],"about":[{"href":"https:\/\/ensemblepourbellegardepoussieu.fr\/index.php\/wp-json\/wp\/v2\/types\/page"}],"author":[{"embeddable":true,"href":"https:\/\/ensemblepourbellegardepoussieu.fr\/index.php\/wp-json\/wp\/v2\/users\/1"}],"replies":[{"embeddable":true,"href":"https:\/\/ensemblepourbellegardepoussieu.fr\/index.php\/wp-json\/wp\/v2\/comments?post=152"}],"version-history":[{"count":3,"href":"https:\/\/ensemblepourbellegardepoussieu.fr\/index.php\/wp-json\/wp\/v2\/pages\/152\/revisions"}],"predecessor-version":[{"id":258,"href":"https:\/\/ensemblepourbellegardepoussieu.fr\/index.php\/wp-json\/wp\/v2\/pages\/152\/revisions\/258"}],"wp:attachment":[{"href":"https:\/\/ensemblepourbellegardepoussieu.fr\/index.php\/wp-json\/wp\/v2\/media?parent=152"}],"curies":[{"name":"wp","href":"https:\/\/api.w.org\/{rel}","templated":true}]}}